prime number?
True
Is 6656151757 composite?
True
Is 5249551597 a composite number?
False
Is 11953478743 prime?
False
Is 4624808023 composite?
True
Is 102304420409 prime?
False
Is 7364209507 a prime number?
True
Is 486479699 composite?
True
Is 47512073143 composite?
False
Is 20254255513 a composite number?
False
Is 95461518623 prime?
True
Is 50317856527 a prime number?
True
Is 349758029 prime?
True
Is 1619589469 prime?
False
Is 228592417 composite?
False
Is 88495775371 prime?
True
Is 200183573 composite?
False
Is 1146936041 a composite number?
True
Is 20999076977 a prime number?
False
Is 440100203 composite?
False
Is 10297535649 a composite number?
True
Is 4246864597 prime?
True
Is 426955091 composite?
True
Is 393996907 a composite number?
False
Is 3644336459 a prime number?
True
Is 592460677 a prime number?
True
Is 92276911 a composite number?
False
Is 903834643 a composite number?
False
Is 4693402559 a composite number?
False
Is 16892876551 a prime number?
False
Is 2201021677 a composite number?
True
Is 112127725859 composite?
True
Is 683035213 a prime number?
False
Is 987193483 prime?
True
Is 35859751883 prime?
True
Is 6811965793 a composite number?
False
Is 7878696071 a composite number?
True
Is 70649294411 a prime number?
True
Is 5324879099 prime?
True
Is 169833538481 a composite number?
False
Is 27412751 a prime number?
False
Is 96354641 composite?
True
Is 1945122457 a composite number?
False
Is 674855347 a composite number?
False
Is 39116051059 composite?
False
Is 15825692393 prime?
False
Is 68285454749 a prime number?
False
Is 12554265497 prime?
False
Is 3406381261 prime?
False
Is 2037844499 composite?
False
Is 7713785203 a prime number?
False
Is 8608757821 a composite number?
False
Is 23946451579 a prime number?
True
Is 10771355041 prime?
True
Is 5993283431 a composite number?
False
Is 1660128077 prime?
False
Is 1504541071 prime?
False
Is 974780159 a prime number?
True
Is 21304099067 a prime number?
True
Is 3052479583 composite?
True
Is 3906848615 a composite number?
True
Is 2583145441 a prime number?
False
Is 17914759 composite?
False
Is 3096657229 a prime number?
True
Is 3225417149 prime?
False
Is 16168168897 prime?
True
Is 1826875277 a prime number?
True
Is 17282763205 a prime number?
False
Is 885789067 prime?
True
Is 31484749741 composite?
False
Is 1611636283 a composite number?
False
Is 37187584957 composite?
False
Is 22765086263 composite?
False
Is 31450216883 a prime number?
True
Is 2088442261 composite?
False
Is 22111337933 a prime number?
False
Is 13394113373 a composite number?
True
Is 25048337135 a prime number?
False
Is 9412147729 a prime number?
False
Is 1490917877 a composite number?
False
Is 5084274137 a composite number?
False
Is 1316113507 prime?
True
Is 7128855311 prime?
False
Is 774513521 a prime number?
True
Is 60937197351 a prime number?
False
Is 2125555499 a composite number?
False
Is 4049140373 a composite number?
True
Is 10185532397 composite?
False
Is 32462962843 a composite number?
False
Is 660184109 prime?
False
Is 643754663 prime?
True
Is 515727911 a composite number?
False
Is 28128347981 a prime number?
True
Is 1411753313 a prime number?
False
Is 1958201491 a prime number?
False
Is 361820177 a prime number?
True
Is 705723041 a composite number?
False
Is 6314847977 prime?
True
Is 295445333 prime?
False
Is 721913323 a prime number?
False
Is 12577692367 a composite number?
False
Is 20377444177 a composite number?
False
Is 30506309 prime?
False
Is 6787531441 prime?
True
Is 8215377221 a composite number?
False
Is 38390098349 composite?
True
Is 4038128737 a prime number?
False
Is 4373751563 a prime number?
True
Is 368568872647 a prime number?
False
Is 238930481 prime?
True
Is 1990536523 a prime number?
True
Is 3077647651 a composite number?
True
Is 896197273 a composite number?
False
Is 2583108527 prime?
False
Is 151837866091 a prime number?
False
Is 11263074458 a prime number?
False
Is 17164164511 a composite number?
True
Is 11502410219 a composite number?
False
Is 55091850379 prime?
True
Is 85754861 a composite number?
False
Is 7572442147 a composite number?
False
Is 227796509077 composite?
True
Is 1033530119 prime?
False
Is 105614057947 a composite number?
True
Is 20439695993 a prime number?
True
Is 4102160191 a composite number?
False
Is 93184154177 a prime number?
True
Is 321815783 prime?
True
Is 1623231241 composite?
False
Is 53088476233 a composite number?
True
Is 171911269603 prime?
True
Is 7411921291 a prime number?
False
Is 198800867381 composite?
False
Is 47329291 a prime number?
False
Is 217905613 a composite number?
False
Is 75057902443 prime?
True
Is 2950431707 composite?
False
Is 281194169 a prime number?
True
Is 422453477 a prime number?
True
Is 888578497 a composite number?
False
Is 9029732849 a prime number?
True
Is 36778740811 a composite number?
False
Is 1149231911 a prime number?
False
Is 416757157 composite?
False
Is 145072019 composite?
True
Is 23443313653 prime?
True
Is 98566734319 a prime number?
False
Is 286058081 a composite number?
False
Is 8201074333 prime?
True
Is 315534199 a prime number?
True
Is 12058349761 prime?
True
Is 1660744541 a prime number?
True
Is 2037687497 a prime number?
True
Is 521352289 a composite number?
False
Is 290236249 composite?
False
Is 1534347271 a prime number?
True
Is 8555159 composite?
False
Is 2064860423 a prime number?
True
Is 12030236147 prime?
True
Is 2774953451 a prime number?
True
Is 2462363171 a composite number?
True
Is 94140056011 prime?
True
Is 96691321 prime?
False
Is 9778604213 a prime number?
False
Is 17942710141 prime?
False
Is 10829406593 a prime number?
True
Is 72514426967 a prime number?
False
Is 6389060987 a composite number?
True
Is 407206977447 prime?
False
Is 13073107 a prime number?
False
Is 223147273 a prime number?
True
Is 140428592386 a prime number?
False
Is 5311485139 prime?
True
Is 39568322701 a prime number?
True
Is 18772683659 a prime number?
True
Is 1037997589 a composite number?
False
Is 2762941901 composite?
True
Is 13100174389 prime?
True
Is 5136298201 composite?
False
Is 1862078633 prime?
True
Is 19954630411 a composite number?
True
Is 94056756463 prime?
False
Is 2822397181 prime?
False
Is 4925347543 composite?
False
Is 15964923269 a composite number?
False
Is 15533618419 a composite number?
True
Is 61150681523 composite?
False
Is 4916423065 a composite number?
True
Is 11317577527 a composite number?
False
Is 5137032167 composite?
False
Is 830295149 prime?
True
Is 442180951 prime?
False
Is 655882351 a prime number?
False
Is 161354887 composite?
True
Is 151398733 prime?
False
Is 52107377821 a prime number?
True
Is 9137874547 a prime number?
True
Is 1273893443 a prime number?
True
Is 10145176051 a composite number?
False
Is 2165809949 prime?
True
Is 36083611547 a composite number?
True
Is 7827912623 composite?
False
Is 1070695634 a composite number?
True
Is 2194400023 composite?
False
Is 5073052471 prime?
True
Is 906448757 prime?
True
Is 7933022429 prime?
True
Is 2103763817 a prime number?
True
Is 28452176927 composite?
True
Is 10263150467 prime?
True
Is 98608109 composite?
True
Is 10612332635 prime?
False
Is 17651398327 a prime number?
True
Is 23050360987 prime?
False
Is 495503339 composite?
True
Is 4008422273 a prime number?
False
Is 16723657 composite?
False
Is 5601424667 a prime number?
True
Is 4304011961 composite?
False
Is 138904571 a composite number?
True
Is 1861633159 a composite number?
False
Is 192750220277 a composite number?
True
Is 165511691 a prime number?
True
Is 481252763 a composite number?
False
Is 12481039 composite?
False
Is 1927845083 a composite number?
True
Is 2377134407 a prime number?
True
Is 11895748107 prime?
False
Is 29327009791 a prime number?
False
Is 554890261 a prime number?
True
Is 7103891317 prime?
False
Is 621785807 composite?
False
Is 208452332107 prime?
False
Is 2062715843 composite?
True
Is 2012102993 a prime number?
True
Is 3957973111 prime?
False
Is 2673576359 prime?
True
Is 14845594087 a prime number?
False
Is 24466588987 composite?
False
Is 36685770607 prime?
True
Is 6110445931 a composite number?
True
Is 63139891861 prime?
True
Is 556298363 a prime number?
False
Is 1376572883 a prime number?
False
Is 366214773889 a composite number?
False
Is 1449761449 composite?
True
Is 1288